

{"id":12934,"date":"2024-09-24T14:12:40","date_gmt":"2024-09-24T12:12:40","guid":{"rendered":"https:\/\/www.tv-neuhof.de\/wordpress\/?page_id=12934"},"modified":"2024-10-02T15:24:48","modified_gmt":"2024-10-02T13:24:48","slug":"2023-2024","status":"publish","type":"page","link":"https:\/\/www.tv-neuhof.de\/wordpress\/about\/historisches\/mannschaftsfotos\/2023-2024\/","title":{"rendered":"2023\/2024"},"content":{"rendered":"\n<h1 class=\"wp-block-heading has-text-align-center\">Herren<\/h1>\n\n\n<div class=\"wp-block-image\">\n<figure class=\"aligncenter size-full is-resized\"><a href=\"https:\/\/www.tv-neuhof.de\/wordpress\/2023-herren\/\" target=\"_blank\" rel=\"noreferrer noopener\"><img loading=\"lazy\" decoding=\"async\" width=\"1024\" height=\"704\" src=\"https:\/\/www.tv-neuhof.de\/wordpress\/wp-content\/uploads\/2023\/10\/2023-Herren.jpg\" alt=\"\" class=\"wp-image-12687\" style=\"width:512px;height:undefinedpx\" srcset=\"https:\/\/www.tv-neuhof.de\/wordpress\/wp-content\/uploads\/2023\/10\/2023-Herren.jpg 1024w, https:\/\/www.tv-neuhof.de\/wordpress\/wp-content\/uploads\/2023\/10\/2023-Herren-300x206.jpg 300w, https:\/\/www.tv-neuhof.de\/wordpress\/wp-content\/uploads\/2023\/10\/2023-Herren-768x528.jpg 768w\" sizes=\"auto, (max-width: 1024px) 100vw, 1024px\" \/><\/a><\/figure>\n<\/div>\n\n\n<table border=\"0\" cellspacing=\"5\" cellpadding=\"2\" align=\"center\">\n<tbody>\n<tr>\n<td valign=\"top\" width=\"80px\">Hinten v.l.:<\/td>\n<td>Lukas Benkner, Daniel H\u00e4ndler, Sebastian Ellenbrand, Julian Kl\u00fch, Felix M\u00f6ller (Betreuer)<\/td>\n<\/tr>\n<tr>\n<td valign=\"top\" width=\"80px\">Mitte v.l.:<\/td>\n<td>Hans-J\u00fcrgen Arnold (Trainer), Elias Hack, Alexander Remmert, Marcel Sch\u00e4fer, Felix M\u00f6ller, Michael Andr\u00e9, J\u00fcrgen Sch\u00e4fer (Betreuer)<\/td>\n<\/tr>\n<tr>\n<td valign=\"top\" width=\"80px\">Vorne v.l.:<\/td>\n<td>Johannes Manz, Johannes Kulla, Tim Eisenstein, Elmar M\u00fcller, Jannik Enders, Winfried Schmitt<\/td>\n<\/tr>\n<tr>\n<td valign=\"top\" width=\"80px\">Es fehlen:<\/td>\n<td>Fabian Benkner, Tobias Neidert<\/td>\n<\/tr>\n<\/tbody>\n<\/table>\n<p><strong>&nbsp;<\/strong><\/p>\n\n\n\n<h1 class=\"wp-block-heading has-text-align-center\">Damen<\/h1>\n\n\n<div class=\"wp-block-image\">\n<figure class=\"aligncenter size-full is-resized\"><a href=\"https:\/\/www.tv-neuhof.de\/wordpress\/2023-damen\/\" target=\"_blank\" rel=\"noreferrer noopener\"><img loading=\"lazy\" decoding=\"async\" width=\"1024\" height=\"767\" src=\"https:\/\/www.tv-neuhof.de\/wordpress\/wp-content\/uploads\/2023\/09\/2023-Damen.jpg\" alt=\"\" class=\"wp-image-12626\" style=\"width:512px;height:undefinedpx\" srcset=\"https:\/\/www.tv-neuhof.de\/wordpress\/wp-content\/uploads\/2023\/09\/2023-Damen.jpg 1024w, https:\/\/www.tv-neuhof.de\/wordpress\/wp-content\/uploads\/2023\/09\/2023-Damen-300x225.jpg 300w, https:\/\/www.tv-neuhof.de\/wordpress\/wp-content\/uploads\/2023\/09\/2023-Damen-768x575.jpg 768w\" sizes=\"auto, (max-width: 1024px) 100vw, 1024px\" \/><\/a><\/figure>\n<\/div>\n\n\n<table border=\"0\" cellspacing=\"5\" cellpadding=\"2\" align=\"center\">\n<tbody>\n<tr>\n<td valign=\"top\" width=\"80px\">Hinten v.l.:<\/td>\n<td>Christopher Auth (Trainer), Jasmin Ellenbrand, Laura Fiterer, Franziska Kern, Leonie Brunner, Ann-Kristin Krah, Isabell Roesler, Julia Kraus (Betreuerin)<\/td>\n<\/tr>\n<tr>\n<td valign=\"top\" width=\"80px\">Vorne v.l.:<\/td>\n<td>Antonia Kulla, Paula Neumann, Laura Wa\u00dfmuth, Karolin Frank, Lena Haas, Luisa R\u00fcbsam, Anna-Lena Heil<\/td>\n<\/tr>\n<tr>\n<td valign=\"top\">Es fehlen:<\/td>\n<td>Alida Maxand, Annika Wenzel, Emina Hodzic, Inka Peters, Maja Litzenbauer, Mattea Benkner, Sophie R\u00e4sch, Bernadette Wahl, Tim Eisenstein (Betreuer)<\/td>\n<\/tr>\n<\/tbody>\n<\/table>\n<p><strong>&nbsp;<\/strong><\/p>\n\n\n\n<h1 class=\"wp-block-heading has-text-align-center\">B-Jugend m\u00e4nnlich<\/h1>\n\n\n<div class=\"wp-block-image\">\n<figure class=\"aligncenter size-full is-resized\"><a href=\"https:\/\/www.tv-neuhof.de\/wordpress\/?attachment_id=12032\" target=\"_blank\" rel=\"noreferrer noopener\"><img loading=\"lazy\" decoding=\"async\" width=\"1024\" height=\"768\" src=\"https:\/\/www.tv-neuhof.de\/wordpress\/wp-content\/uploads\/2021\/11\/2021-B-Jugend-maennlich.jpg\" alt=\"\" class=\"wp-image-12032\" style=\"width:512px;height:384px\" srcset=\"https:\/\/www.tv-neuhof.de\/wordpress\/wp-content\/uploads\/2021\/11\/2021-B-Jugend-maennlich.jpg 1024w, https:\/\/www.tv-neuhof.de\/wordpress\/wp-content\/uploads\/2021\/11\/2021-B-Jugend-maennlich-300x225.jpg 300w, https:\/\/www.tv-neuhof.de\/wordpress\/wp-content\/uploads\/2021\/11\/2021-B-Jugend-maennlich-768x576.jpg 768w\" sizes=\"auto, (max-width: 1024px) 100vw, 1024px\" \/><\/a><\/figure>\n<\/div>\n\n\n<table border=\"0\" cellspacing=\"5\" cellpadding=\"2\" align=\"center\">\n<tbody>\n<tr>\n<td valign=\"top\" width=\"80px\">Hinten v.l.:<\/td>\n<td>Noah V., Noel W., Linus L., Merlin W., Marius S., Lasse T., Marius Reich (Trainer)<\/td>\n<\/tr>\n<tr>\n<td valign=\"top\" width=\"80px\">Vorne v.l.:<\/td>\n<td>Sandro H., Roman W., Gabriel R., Sverre J., Tim K., David H.<\/td>\n<\/tr>\n<tr>\n<td valign=\"top\" width=\"80px\">Es fehlen:<\/td>\n<td>Tim H., Lorenz H., Tobias B.<\/td>\n<\/tr>\n<\/tbody>\n<\/table>\n<p><strong>&nbsp;<\/strong><\/p>\n\n\n\n<h1 class=\"wp-block-heading has-text-align-center\">B-Jugend weiblich<\/h1>\n\n\n<div class=\"wp-block-image\">\n<figure class=\"aligncenter size-full is-resized\"><a href=\"https:\/\/www.tv-neuhof.de\/wordpress\/2023-b-jgd-weiblich\/\"><img loading=\"lazy\" decoding=\"async\" width=\"1024\" height=\"768\" src=\"https:\/\/www.tv-neuhof.de\/wordpress\/wp-content\/uploads\/2023\/08\/2023-B-Jgd-weiblich.jpg\" alt=\"\" class=\"wp-image-12603\" style=\"width:512px;height:undefinedpx\" srcset=\"https:\/\/www.tv-neuhof.de\/wordpress\/wp-content\/uploads\/2023\/08\/2023-B-Jgd-weiblich.jpg 1024w, https:\/\/www.tv-neuhof.de\/wordpress\/wp-content\/uploads\/2023\/08\/2023-B-Jgd-weiblich-300x225.jpg 300w, https:\/\/www.tv-neuhof.de\/wordpress\/wp-content\/uploads\/2023\/08\/2023-B-Jgd-weiblich-768x576.jpg 768w\" sizes=\"auto, (max-width: 1024px) 100vw, 1024px\" \/><\/a><\/figure>\n<\/div>\n\n\n<table border=\"0\" cellspacing=\"5\" cellpadding=\"2\" align=\"center\">\n<tbody>\n<tr>\n<td valign=\"top\" width=\"80px\">Hinten v.l.:<\/td>\n<td>Lara Werner, Antonia Im\u00f6hl, Jule Thiem, Emelie Sch\u00e4fer, Emily Baranyai, Emily Heil, Anne Lingnau, Eliza Oltean\n<\/td>\n<\/tr>\n<tr>\n<td valign=\"top\" width=\"80px\">Vorne v.l.:<\/td>\n<td>Mandy Sch\u00e4fer (Trainerin), Lena Reck, Anna R\u00f6hrig, Natalie Bauch, Hana Hodzic, Franziska Junk, Theresa Otto, Paula Neumann (Trainerin)<\/td>\n<\/tr>\n<tr>\n<td valign=\"top\" width=\"80px\">Es fehlen:<\/td>\n<td>Jasmin Heil, Lara Fuchs, Greta Best\n<\/td>\n<\/tr>\n<\/tbody>\n<\/table>\n<p><strong>&nbsp;<\/strong><\/p>\n\n\n\n<h1 class=\"wp-block-heading has-text-align-center\">C-Jugend m\u00e4nnlich<\/h1>\n\n\n<div class=\"wp-block-image\">\n<figure class=\"aligncenter size-full is-resized\"><a href=\"https:\/\/www.tv-neuhof.de\/wordpress\/?attachment_id=12049\" target=\"_blank\" rel=\"noreferrer noopener\"><img loading=\"lazy\" decoding=\"async\" width=\"1024\" height=\"660\" src=\"https:\/\/www.tv-neuhof.de\/wordpress\/wp-content\/uploads\/2021\/11\/2021-C-Jugend-maennlich-1.jpg\" alt=\"\" class=\"wp-image-12049\" style=\"width:512px;height:330px\" srcset=\"https:\/\/www.tv-neuhof.de\/wordpress\/wp-content\/uploads\/2021\/11\/2021-C-Jugend-maennlich-1.jpg 1024w, https:\/\/www.tv-neuhof.de\/wordpress\/wp-content\/uploads\/2021\/11\/2021-C-Jugend-maennlich-1-300x193.jpg 300w, https:\/\/www.tv-neuhof.de\/wordpress\/wp-content\/uploads\/2021\/11\/2021-C-Jugend-maennlich-1-768x495.jpg 768w\" sizes=\"auto, (max-width: 1024px) 100vw, 1024px\" \/><\/a><\/figure>\n<\/div>\n\n\n<table border=\"0\" cellspacing=\"5\" cellpadding=\"2\" align=\"center\">\n<tbody>\n<tr>\n<td valign=\"top\" width=\"80px\">Hinten v.l.:<\/td>\n<td>David H., Noel W., Lars P., Roman W., Marius Reich (Trainer)<\/td>\n<\/tr>\n<tr>\n<td valign=\"top\" width=\"80px\">Vorne v.l.:<\/td>\n<td>Louis Z., Gabriel R., Ben S., Sverre J., Tim K.<\/td>\n<\/tr>\n<tr>\n<td valign=\"top\" width=\"80px\">Es fehlt:<\/td>\n<td>Linus H.<\/td>\n<\/tr>\n<\/tbody>\n<\/table>\n<p><strong>&nbsp;<\/strong><\/p>\n\n\n\n<h1 class=\"wp-block-heading has-text-align-center\">F-Jugend<\/h1>\n\n\n<div class=\"wp-block-image\">\n<figure class=\"aligncenter size-full is-resized\"><a href=\"https:\/\/www.tv-neuhof.de\/wordpress\/f-jugend-2023\/\" target=\"_blank\" rel=\"noreferrer noopener\"><img loading=\"lazy\" decoding=\"async\" width=\"1024\" height=\"768\" src=\"https:\/\/www.tv-neuhof.de\/wordpress\/wp-content\/uploads\/2024\/02\/F-Jugend-2023.jpg\" alt=\"\" class=\"wp-image-12851\" style=\"width:512px;height:384px\" srcset=\"https:\/\/www.tv-neuhof.de\/wordpress\/wp-content\/uploads\/2024\/02\/F-Jugend-2023.jpg 1024w, https:\/\/www.tv-neuhof.de\/wordpress\/wp-content\/uploads\/2024\/02\/F-Jugend-2023-300x225.jpg 300w, https:\/\/www.tv-neuhof.de\/wordpress\/wp-content\/uploads\/2024\/02\/F-Jugend-2023-768x576.jpg 768w\" sizes=\"auto, (max-width: 1024px) 100vw, 1024px\" \/><\/a><\/figure>\n<\/div>\n\n\n<table border=\"0\" cellspacing=\"5\" cellpadding=\"2\" align=\"center\">\n<tbody>\n<tr>\n<td valign=\"top\" width=\"80px\">Hinten v.l.:<\/td>\n<td>Jasmin Ellenbrand (Trainerin), Jonas, Jonas, Samantha, Jonas, Luka, Lena, Samira, Daniel H\u00e4ndler (Trainer)<\/td>\n<\/tr>\n<tr>\n<td valign=\"top\" width=\"80px\">Vorne v.l.:<\/td>\n<td>Elias, Max, Hannah, Cora, Lilly, Niklas, Laurin<\/td>\n<\/tr>\n<tr>\n<td>Es fehlen:<\/td>\n<td>Melina, Till, Noah, Tristan<\/td>\n<\/tr>\n<\/tbody>\n<\/table>\n<p><strong>&nbsp;<\/strong><\/p>\n\n\n<div class=\"wp-block-image\">\n<figure class=\"aligncenter size-large is-resized\"><a href=\"https:\/\/www.tv-neuhof.de\/wordpress\/wp-content\/uploads\/2024\/02\/F-Jugend-2023-Kabine.jpg\"><img loading=\"lazy\" decoding=\"async\" width=\"1024\" height=\"768\" src=\"https:\/\/www.tv-neuhof.de\/wordpress\/wp-content\/uploads\/2024\/02\/F-Jugend-2023-Kabine.jpg\" alt=\"\" class=\"wp-image-12850\" style=\"width:512px\" srcset=\"https:\/\/www.tv-neuhof.de\/wordpress\/wp-content\/uploads\/2024\/02\/F-Jugend-2023-Kabine.jpg 1024w, https:\/\/www.tv-neuhof.de\/wordpress\/wp-content\/uploads\/2024\/02\/F-Jugend-2023-Kabine-300x225.jpg 300w, https:\/\/www.tv-neuhof.de\/wordpress\/wp-content\/uploads\/2024\/02\/F-Jugend-2023-Kabine-768x576.jpg 768w\" sizes=\"auto, (max-width: 1024px) 100vw, 1024px\" \/><\/a><\/figure>\n<\/div>\n\n<div class=\"wp-block-image\">\n<figure class=\"aligncenter size-large is-resized\"><a href=\"https:\/\/www.tv-neuhof.de\/wordpress\/wp-content\/uploads\/2024\/02\/F-Jugend-2023-Fasching.jpg\"><img loading=\"lazy\" decoding=\"async\" width=\"1024\" height=\"768\" src=\"https:\/\/www.tv-neuhof.de\/wordpress\/wp-content\/uploads\/2024\/02\/F-Jugend-2023-Fasching.jpg\" alt=\"\" class=\"wp-image-12849\" style=\"width:512px\" srcset=\"https:\/\/www.tv-neuhof.de\/wordpress\/wp-content\/uploads\/2024\/02\/F-Jugend-2023-Fasching.jpg 1024w, https:\/\/www.tv-neuhof.de\/wordpress\/wp-content\/uploads\/2024\/02\/F-Jugend-2023-Fasching-300x225.jpg 300w, https:\/\/www.tv-neuhof.de\/wordpress\/wp-content\/uploads\/2024\/02\/F-Jugend-2023-Fasching-768x576.jpg 768w\" sizes=\"auto, (max-width: 1024px) 100vw, 1024px\" \/><\/a><\/figure>\n<\/div>\n\n\n<h1 class=\"wp-block-heading has-text-align-center\">Minis<\/h1>\n\n\n<div class=\"wp-block-image\">\n<figure class=\"aligncenter size-full is-resized\"><a href=\"https:\/\/www.tv-neuhof.de\/wordpress\/?attachment_id=12254\" target=\"_blank\" rel=\"noreferrer noopener\"><img loading=\"lazy\" decoding=\"async\" width=\"1024\" height=\"619\" src=\"https:\/\/www.tv-neuhof.de\/tv-neuhof\/wordpress\/wp-content\/uploads\/2022\/09\/2022-Minis.jpg\" alt=\"\" class=\"wp-image-12254\" style=\"width:512px;height:310px\" srcset=\"https:\/\/www.tv-neuhof.de\/wordpress\/wp-content\/uploads\/2022\/09\/2022-Minis.jpg 1024w, https:\/\/www.tv-neuhof.de\/wordpress\/wp-content\/uploads\/2022\/09\/2022-Minis-300x181.jpg 300w, https:\/\/www.tv-neuhof.de\/wordpress\/wp-content\/uploads\/2022\/09\/2022-Minis-768x464.jpg 768w\" sizes=\"auto, (max-width: 1024px) 100vw, 1024px\" \/><\/a><\/figure>\n<\/div>","protected":false},"excerpt":{"rendered":"<p>Herren Hinten v.l.: Lukas Benkner, Daniel H\u00e4ndler, Sebastian Ellenbrand, Julian Kl\u00fch, Felix M\u00f6ller (Betreuer) Mitte v.l.: Hans-J\u00fcrgen Arnold (Trainer), Elias Hack, Alexander Remmert, Marcel Sch\u00e4fer, Felix M\u00f6ller, Michael Andr\u00e9, J\u00fcrgen Sch\u00e4fer (Betreuer) Vorne v.l.: Johannes Manz, Johannes Kulla, Tim Eisenstein, Elmar M\u00fcller, Jannik Enders, Winfried Schmitt Es fehlen: Fabian Benkner, Tobias Neidert &nbsp; Damen Hinten [&hellip;]<\/p>\n","protected":false},"author":11,"featured_media":0,"parent":2399,"menu_order":2023,"comment_status":"closed","ping_status":"closed","template":"","meta":{"ngg_post_thumbnail":0,"footnotes":""},"class_list":["post-12934","page","type-page","status-publish","hentry"],"_links":{"self":[{"href":"https:\/\/www.tv-neuhof.de\/wordpress\/wp-json\/wp\/v2\/pages\/12934","targetHints":{"allow":["GET"]}}],"collection":[{"href":"https:\/\/www.tv-neuhof.de\/wordpress\/wp-json\/wp\/v2\/pages"}],"about":[{"href":"https:\/\/www.tv-neuhof.de\/wordpress\/wp-json\/wp\/v2\/types\/page"}],"author":[{"embeddable":true,"href":"https:\/\/www.tv-neuhof.de\/wordpress\/wp-json\/wp\/v2\/users\/11"}],"replies":[{"embeddable":true,"href":"https:\/\/www.tv-neuhof.de\/wordpress\/wp-json\/wp\/v2\/comments?post=12934"}],"version-history":[{"count":9,"href":"https:\/\/www.tv-neuhof.de\/wordpress\/wp-json\/wp\/v2\/pages\/12934\/revisions"}],"predecessor-version":[{"id":13002,"href":"https:\/\/www.tv-neuhof.de\/wordpress\/wp-json\/wp\/v2\/pages\/12934\/revisions\/13002"}],"up":[{"embeddable":true,"href":"https:\/\/www.tv-neuhof.de\/wordpress\/wp-json\/wp\/v2\/pages\/2399"}],"wp:attachment":[{"href":"https:\/\/www.tv-neuhof.de\/wordpress\/wp-json\/wp\/v2\/media?parent=12934"}],"curies":[{"name":"wp","href":"https:\/\/api.w.org\/{rel}","templated":true}]}}