

{"id":141,"date":"2008-09-23T07:36:06","date_gmt":"2008-09-23T06:36:06","guid":{"rendered":"http:\/\/www.tv-neuhof.de\/wordpress\/?page_id=141"},"modified":"2025-04-03T10:55:04","modified_gmt":"2025-04-03T08:55:04","slug":"f-jugend","status":"publish","type":"page","link":"https:\/\/www.tv-neuhof.de\/wordpress\/unsere-mannschaften\/f-jugend\/","title":{"rendered":"F-Jugend"},"content":{"rendered":"\n<h1 class=\"wp-block-heading has-text-align-center\">Mannschaftsportrait<\/h1>\n\n\n<div class=\"wp-block-image\">\n<figure class=\"aligncenter size-full is-resized\"><a href=\"https:\/\/www.tv-neuhof.de\/wordpress\/wp-content\/uploads\/2025\/04\/2025-F-Jugend-1.jpg\"><img loading=\"lazy\" decoding=\"async\" width=\"1024\" height=\"719\" src=\"https:\/\/www.tv-neuhof.de\/wordpress\/wp-content\/uploads\/2025\/04\/2025-F-Jugend-1.jpg\" alt=\"\" class=\"wp-image-13317\" style=\"width:512px;height:auto\" srcset=\"https:\/\/www.tv-neuhof.de\/wordpress\/wp-content\/uploads\/2025\/04\/2025-F-Jugend-1.jpg 1024w, https:\/\/www.tv-neuhof.de\/wordpress\/wp-content\/uploads\/2025\/04\/2025-F-Jugend-1-300x211.jpg 300w, https:\/\/www.tv-neuhof.de\/wordpress\/wp-content\/uploads\/2025\/04\/2025-F-Jugend-1-768x539.jpg 768w\" sizes=\"auto, (max-width: 1024px) 100vw, 1024px\" \/><\/a><\/figure>\n<\/div>\n\n<div class=\"wp-block-image\">\n<figure class=\"aligncenter size-full is-resized\"><a href=\"https:\/\/www.tv-neuhof.de\/wordpress\/wp-content\/uploads\/2025\/04\/2025-F-Jugend-2.jpeg\"><img loading=\"lazy\" decoding=\"async\" width=\"1024\" height=\"768\" src=\"https:\/\/www.tv-neuhof.de\/wordpress\/wp-content\/uploads\/2025\/04\/2025-F-Jugend-2.jpeg\" alt=\"\" class=\"wp-image-13318\" style=\"width:510px;height:auto\" srcset=\"https:\/\/www.tv-neuhof.de\/wordpress\/wp-content\/uploads\/2025\/04\/2025-F-Jugend-2.jpeg 1024w, https:\/\/www.tv-neuhof.de\/wordpress\/wp-content\/uploads\/2025\/04\/2025-F-Jugend-2-300x225.jpeg 300w, https:\/\/www.tv-neuhof.de\/wordpress\/wp-content\/uploads\/2025\/04\/2025-F-Jugend-2-768x576.jpeg 768w\" sizes=\"auto, (max-width: 1024px) 100vw, 1024px\" \/><\/a><\/figure>\n<\/div>\n\n\n<p style=\"text-align: center;\"><a href=\".\/?page_id=12934\">Saison 2023\/24 (Historie)<\/a><\/p>\n\n\n\n<h1 class=\"wp-block-heading has-text-align-center\">Trainer\/Betreuer<\/h1>\n\n\n\n<table border=\"0\" align=\"center\">\n<tbody>\n<tr>\n<td align=\"center\" width=\"200\"><a href=\".\/?page_id=8516\"><img loading=\"lazy\" decoding=\"async\" class=\"aligncenter size-medium wp-image-8510\" title=\"Sabine Kre\u00df 2016\" src=\"https:\/\/www.tv-neuhof.de\/wordpress\/wp-content\/uploads\/2008\/09\/Sabine-Kre\u00df-2016-256x300.jpg\" alt=\"\" width=\"110\" height=\"125\"><br>Sabine Kre\u00df<\/a><\/td>\n<td align=\"center\" width=\"200\"><img loading=\"lazy\" decoding=\"async\" class=\"alignnone wp-image-139\" title=\"Bildplatzhalter\" src=\"https:\/\/www.tv-neuhof.de\/wordpress\/wp-content\/uploads\/2008\/09\/bildplatzhalter.gif\" alt=\"\" width=\"112\" height=\"125\"><br>Martin Kre\u00df<\/td>\n<\/tr>\n<\/tbody>\n<\/table>\n<p><strong>&nbsp;<\/strong><\/p>\n\n\n\n<h1 class=\"wp-block-heading has-text-align-center\">Trainingszeiten<\/h1>\n\n\n\n<p style=\"text-align:center\">Freitag, 17:30 &#8211; 18:45<br>Kreissporthalle an der Johannes-Kepler-Schule Neuhof<\/p>\n<p><strong>&nbsp;<\/strong><\/p>\n\n\n\n<h1 class=\"wp-block-heading has-text-align-center\">Altersklasse<\/h1>\n\n\n\n<p style=\"text-align:center\">6 &#8211; 8<\/p>\n<p><strong>&nbsp;<\/strong><\/p>\n\n\n\n<table border=\"0\" cellspacing=\"5\" cellpadding=\"2\" align=\"center\">\n<tbody>\n<tr>\n<td align=\"center\">\n<img loading=\"lazy\" decoding=\"async\" width=\"300\" height=\"399\" class=\"wp-image-12944\" style=\"width: 300px;\" src=\"https:\/\/www.tv-neuhof.de\/wordpress\/wp-content\/uploads\/2024\/09\/F-Jugend-2024_3.jpeg\" alt=\"\" srcset=\"https:\/\/www.tv-neuhof.de\/wordpress\/wp-content\/uploads\/2024\/09\/F-Jugend-2024_3.jpeg 578w, https:\/\/www.tv-neuhof.de\/wordpress\/wp-content\/uploads\/2024\/09\/F-Jugend-2024_3-226x300.jpeg 226w\" sizes=\"auto, (max-width: 300px) 100vw, 300px\" \/>\n<\/td>\n<td align=\"center\">\n<img loading=\"lazy\" decoding=\"async\" width=\"600\" height=\"451\" class=\"wp-image-12943\" style=\"width: 600px;\" src=\"https:\/\/www.tv-neuhof.de\/wordpress\/wp-content\/uploads\/2024\/09\/F-Jugend-2024_2.jpeg\" alt=\"\" srcset=\"https:\/\/www.tv-neuhof.de\/wordpress\/wp-content\/uploads\/2024\/09\/F-Jugend-2024_2.jpeg 1021w, https:\/\/www.tv-neuhof.de\/wordpress\/wp-content\/uploads\/2024\/09\/F-Jugend-2024_2-300x226.jpeg 300w, https:\/\/www.tv-neuhof.de\/wordpress\/wp-content\/uploads\/2024\/09\/F-Jugend-2024_2-768x578.jpeg 768w\" sizes=\"auto, (max-width: 600px) 100vw, 600px\" \/>\n<\/td>\n<\/tr>\n<tr>\n<td align=\"center\">\n<img decoding=\"async\" class=\"wp-image-12943\" style=\"width: 600px;\" src=\"https:\/\/www.tv-neuhof.de\/wordpress\/wp-content\/uploads\/2024\/09\/F-Jugend-2024_4.jpeg\" alt=\"\">\n<\/td>\n<td align=\"center\">\n<img decoding=\"async\" class=\"wp-image-12943\" style=\"width: 300px;\" src=\"https:\/\/www.tv-neuhof.de\/wordpress\/wp-content\/uploads\/2024\/09\/F-Jugend-2024_1.jpeg\" alt=\"\">\n<\/td>\n<\/tr>\n<\/tbody>\n<\/table>\n\n\n\n<h1 class=\"wp-block-heading has-text-align-center\">Informationen<\/h1>\n\n\n\n<p style=\"text-align:center\">Wir freuen uns \u00fcber jedes Kind, das einfach mal zum Schnuppertraining vorbeikommt und mit uns Spa\u00df am Handballsport hat!<br>Also freitags die Hallenschuhe angezogen und los gehts !!!<br>J\u00fcngere Kinder sind auch gerne gesehen und mit dabei.<\/p>\n","protected":false},"excerpt":{"rendered":"<p>Mannschaftsportrait Saison 2023\/24 (Historie) Trainer\/Betreuer Sabine Kre\u00df Martin Kre\u00df &nbsp; Trainingszeiten Freitag, 17:30 &#8211; 18:45Kreissporthalle an der Johannes-Kepler-Schule Neuhof &nbsp; Altersklasse 6 &#8211; 8 &nbsp; Informationen Wir freuen uns \u00fcber jedes Kind, das einfach mal zum Schnuppertraining vorbeikommt und mit uns Spa\u00df am Handballsport hat!Also freitags die Hallenschuhe angezogen und los gehts !!!J\u00fcngere Kinder sind [&hellip;]<\/p>\n","protected":false},"author":11,"featured_media":0,"parent":414,"menu_order":22,"comment_status":"closed","ping_status":"closed","template":"","meta":{"ngg_post_thumbnail":0,"footnotes":""},"class_list":["post-141","page","type-page","status-publish","hentry"],"_links":{"self":[{"href":"https:\/\/www.tv-neuhof.de\/wordpress\/wp-json\/wp\/v2\/pages\/141","targetHints":{"allow":["GET"]}}],"collection":[{"href":"https:\/\/www.tv-neuhof.de\/wordpress\/wp-json\/wp\/v2\/pages"}],"about":[{"href":"https:\/\/www.tv-neuhof.de\/wordpress\/wp-json\/wp\/v2\/types\/page"}],"author":[{"embeddable":true,"href":"https:\/\/www.tv-neuhof.de\/wordpress\/wp-json\/wp\/v2\/users\/11"}],"replies":[{"embeddable":true,"href":"https:\/\/www.tv-neuhof.de\/wordpress\/wp-json\/wp\/v2\/comments?post=141"}],"version-history":[{"count":93,"href":"https:\/\/www.tv-neuhof.de\/wordpress\/wp-json\/wp\/v2\/pages\/141\/revisions"}],"predecessor-version":[{"id":13319,"href":"https:\/\/www.tv-neuhof.de\/wordpress\/wp-json\/wp\/v2\/pages\/141\/revisions\/13319"}],"up":[{"embeddable":true,"href":"https:\/\/www.tv-neuhof.de\/wordpress\/wp-json\/wp\/v2\/pages\/414"}],"wp:attachment":[{"href":"https:\/\/www.tv-neuhof.de\/wordpress\/wp-json\/wp\/v2\/media?parent=141"}],"curies":[{"name":"wp","href":"https:\/\/api.w.org\/{rel}","templated":true}]}}