

{"id":1997,"date":"2009-08-22T18:22:23","date_gmt":"2009-08-22T17:22:23","guid":{"rendered":"http:\/\/www.tv-neuhof.de\/wordpress\/?page_id=1997"},"modified":"2009-08-25T07:14:29","modified_gmt":"2009-08-25T06:14:29","slug":"echte-rhonindianer","status":"publish","type":"page","link":"https:\/\/www.tv-neuhof.de\/wordpress\/about\/vereinsleben\/echte-rhonindianer\/","title":{"rendered":"Echte Rh\u00f6nindianer"},"content":{"rendered":"<p>Am Samstag, den 15.08.09 machten sich unsere \u201eE-Jugend-Indianer&#8220; mit ihren 3 \u201eH\u00e4uptlingen&#8220; auf, ihr Saisonabschlusslager nach Indianerart in einem echten Wigwam in der Rh\u00f6ner Wildnis aufzuschlagen.<\/p>\n<p style=\"text-align: center;\"><a rel=\"attachment wp-att-1998\" href=\"https:\/\/www.tv-neuhof.de\/wordpress\/?attachment_id=1998\"><img loading=\"lazy\" decoding=\"async\" class=\"alignnone size-thumbnail wp-image-1998\" title=\"p1010260\" src=\"https:\/\/www.tv-neuhof.de\/wordpress\/wp-content\/uploads\/2009\/08\/p1010260-300x225.jpg\" alt=\"\" width=\"180\" height=\"135\" \/><\/a><\/p>\n<p>Trotz guter Planung gestaltete sich schon unsere Anreise als Abenteuer. 3 der 4 Wagen fanden sich wie geplant in Dipperz an der Eisdiele zum Aufnehmen eines weiteren \u201eIndianers&#8220; ein. Der 4. Wagen blieb verschwunden. Nach l\u00e4ngerem Warten und einer erfolglosen Telefonaktion wurde beschlossen, dem Orientierungssinn der Vermissten zu vertrauen und weiterzufahren. Am vereinbarten Zielpunkt, nahe der Steinwand, war aber zuerst noch nichts von dem vermissten Wagen zu sehen. Erfreulicherweise fand er sich etwas sp\u00e4ter dann doch noch ein.<\/p>\n<p>Unsere \u201eIndianer&#8220; wurden mit einem H\u00e4uptling schnell ausgeladen und der Proviant und \u00dcbernachtungssachen zu dem noch immer geheimen Lager gebracht und verstaut. Nachdem dann alle wieder zusammen waren, begann der \u201eMarsch&#8220; zum Lager.<\/p>\n<p style=\"text-align: center;\"><a rel=\"attachment wp-att-2001\" href=\"https:\/\/www.tv-neuhof.de\/wordpress\/?attachment_id=2001\"><img loading=\"lazy\" decoding=\"async\" class=\"size-thumbnail wp-image-2001 aligncenter\" title=\"p1010066\" src=\"https:\/\/www.tv-neuhof.de\/wordpress\/wp-content\/uploads\/2009\/08\/p1010066-300x225.jpg\" alt=\"Der &quot;Marsch&quot; zum geheimen Lager\" width=\"180\" height=\"135\" \/><\/a><\/p>\n<p>Bei diesem machten sich bereits nach kurzer Zeit die sog. Blattfu\u00dfindianer durch Kommentare wie \u201eGewaltmarsch&#8220;, \u201e15 Kilometer durch die Wildnis&#8220; und \u201eWir kommen nie an&#8220; bemerkbar.  Nach 50 Minuten und ca. 4 Kilometer kam dann doch das Lager des gro\u00dfen H\u00e4uptlings \u201eBackender-B\u00e4r&#8220; auf dem Gel\u00e4nde des Bio-Hof Gensler in Sicht.<\/p>\n<p>Wir zogen dann mit Sack und Pack in das gro\u00dfe Versammlungstipi ein. W\u00e4hrend die Schlaflager aufgeschlagen wurden, sorgten andere f\u00fcr das leibliche Wohl.<\/p>\n<p style=\"text-align: center;\"><a rel=\"attachment wp-att-2009\" href=\"https:\/\/www.tv-neuhof.de\/wordpress\/?attachment_id=2009\"><img loading=\"lazy\" decoding=\"async\" class=\"alignnone size-medium wp-image-2009\" title=\"sany0024\" src=\"https:\/\/www.tv-neuhof.de\/wordpress\/wp-content\/uploads\/2009\/08\/sany0024-300x225.jpg\" alt=\"\" width=\"180\" height=\"135\" \/><\/a><a href=\"https:\/\/www.tv-neuhof.de\/wordpress\/wp-content\/uploads\/2009\/08\/sany0024.jpg\"> <\/a><a rel=\"attachment wp-att-2008\" href=\"https:\/\/www.tv-neuhof.de\/wordpress\/?attachment_id=2008\"><img loading=\"lazy\" decoding=\"async\" class=\"alignnone size-medium wp-image-2008\" title=\"sany0023\" src=\"https:\/\/www.tv-neuhof.de\/wordpress\/wp-content\/uploads\/2009\/08\/sany0023-300x225.jpg\" alt=\"\" width=\"180\" height=\"135\" \/><\/a><a rel=\"attachment wp-att-2008\" href=\"https:\/\/www.tv-neuhof.de\/wordpress\/?attachment_id=2008\"> <\/a><\/p>\n<p>Das Mittagessen verschwand \u00fcberraschend schnell in den unendlichen Tiefen ausgehungerter \u201eIndianer&#8220;. Da hatten wir wohl ein wenig knapp kalkuliert, konnten aber einen Aufstand durch Einsatz von Obst und Karotten verhindern.<\/p>\n<p style=\"text-align: center;\"><a rel=\"attachment wp-att-2012\" href=\"https:\/\/www.tv-neuhof.de\/wordpress\/?attachment_id=2012\"><img loading=\"lazy\" decoding=\"async\" class=\"alignnone size-thumbnail wp-image-2012\" title=\"sany0005\" src=\"https:\/\/www.tv-neuhof.de\/wordpress\/wp-content\/uploads\/2009\/08\/sany0005-300x225.jpg\" alt=\"\" width=\"180\" height=\"135\" \/><\/a><\/p>\n<p>Laut Planung sollte dann nach dem Mittagessen die Indianerolympiade beginnen. Da es der Wettergott mit seinen 30\u00b0 an diesem Tag besonders gut meinte, wurde der Badeteich auf dem Gel\u00e4nde kurzerhand komplett in Beschlag genommen. Auch die Wassertemperaturen von gef\u00fchlten 10\u00b0 konnten niemanden abhalten, sich in die Fluten zu st\u00fcrzen.<\/p>\n<p style=\"text-align: center;\"><a rel=\"attachment wp-att-2015\" href=\"https:\/\/www.tv-neuhof.de\/wordpress\/?attachment_id=2015\"><img loading=\"lazy\" decoding=\"async\" class=\"alignnone size-thumbnail wp-image-2015\" title=\"p1010107\" src=\"https:\/\/www.tv-neuhof.de\/wordpress\/wp-content\/uploads\/2009\/08\/p1010107-300x225.jpg\" alt=\"\" width=\"180\" height=\"135\" \/><\/a> <a rel=\"attachment wp-att-2016\" href=\"https:\/\/www.tv-neuhof.de\/wordpress\/?attachment_id=2016\"><img loading=\"lazy\" decoding=\"async\" class=\"alignnone size-medium wp-image-2016\" title=\"sany0017\" src=\"https:\/\/www.tv-neuhof.de\/wordpress\/wp-content\/uploads\/2009\/08\/sany0017-300x168.jpg\" alt=\"\" width=\"180\" height=\"101\" \/><\/a><\/p>\n<p>Nachdem sich alle abgek\u00fchlt, erholt und an den leckeren Muffins (vielen Dank an die B\u00e4ckerin) gest\u00e4rkt hatten, teilte sich unsere Gruppe in 3 Indianerst\u00e4mme unter Leitung jeweils eines H\u00e4uptlings und begann die Indianerolympiade. Bei dieser musste man Gold suchen, Baumst\u00e4mme werfen, Steine fangen usw. Auch die allseits beliebten Indianersportarten wie Bogenschie\u00dfen, Messer- und Axtwerfen wurden mit Begeisterung ausgef\u00fchrt (Kleine Anmerkung f\u00fcr besorgte Eltern: Zu keiner Zeit bestand eine Gefahr f\u00fcr die Kinder). Alle St\u00e4mme zeigten sehr guten Einsatz und so kam ein sehr knappes Ergebnis zustande, bei dem die Apachen als Sieger hervorgingen.<\/p>\n<p>Das Ergebnis war aber allen nicht so wichtig. Und so fanden sich sofort wieder Gruppen zusammen, die gerne die Indianersportarten nochmal machen wollten. Da auch die H\u00e4uptlinge sich gerne mal daran versuchen wollten, wurden schnell die Messer, \u00c4xte und Pfeile geschnappt und flei\u00dfig weiter-gemacht.<br \/>\nH\u00e4uptling &#8222;Hei\u00dfe Grillkohle&#8220; machte sich w\u00e4hrenddessen daran, die Feuerstelle f\u00fcr die erlegten Grillw\u00fcrstchen vorzubereiten und so konnten sich die Hungrigen nach den sportlichen Leistungen sofort dar\u00fcber hermachen.<\/p>\n<p>Das Essen ging dann nahtlos in das obligatorische Lagerfeuer \u00fcber. Aufgrund des langen Tages und der hinter sich gebrachten Anstrengungen, kam es aber schnell zu Erm\u00fcdungserscheinungen. Wir beschlossen daher, nach Abwasch und Abendtoilette uns in unser gem\u00fctliches Wigwam zur\u00fcckzuziehen. Dort wurde dann nochmal ein kleines gem\u00fctliches Lagerfeuer in der Mitte entz\u00fcndet und alle lagen gem\u00fctlich in ihren Schlafs\u00e4cken. Nach und nach wurde es ruhiger und mit dem langsam verl\u00f6schenden Feuer schliefen dann auch die meisten ein.<\/p>\n<p>Der n\u00e4chste Morgen begann nach Indianerart mit dem Sonnenaufgang nach gef\u00fchlten 10 Minuten Schlaf. Nach einem gem\u00fctlichen Fr\u00fchst\u00fcck wurden dann unsere Trainingsflei\u00dfigsten geehrt (Alexander Remmert, Johannes M\u00f6ller und Swenja Riedl).<\/p>\n<p>Die mitgebrachten Sachen wurden schnell gepackt und sofort kam der Wunsch, wen wundert&#8217;s, nach den Messern, \u00c4xten und Pfeilen auf. Diesem Wunsch wurde stattgegeben und wieder nach Herzenslust geworfen und geschossen. Dabei kam es zu erstaunlichen Leistungen.<\/p>\n<p style=\"text-align: center;\"><a rel=\"attachment wp-att-2019\" href=\"https:\/\/www.tv-neuhof.de\/wordpress\/?attachment_id=2019\"><img loading=\"lazy\" decoding=\"async\" class=\"alignnone size-thumbnail wp-image-2019\" title=\"sany0048\" src=\"https:\/\/www.tv-neuhof.de\/wordpress\/wp-content\/uploads\/2009\/08\/sany0048-300x225.jpg\" alt=\"\" width=\"180\" height=\"135\" \/> <\/a><a rel=\"attachment wp-att-2020\" href=\"https:\/\/www.tv-neuhof.de\/wordpress\/?attachment_id=2020\"><img loading=\"lazy\" decoding=\"async\" class=\"alignnone size-thumbnail wp-image-2020\" title=\"sany0049\" src=\"https:\/\/www.tv-neuhof.de\/wordpress\/wp-content\/uploads\/2009\/08\/sany0049-300x225.jpg\" alt=\"\" width=\"180\" height=\"135\" \/><br \/>\n<\/a><a rel=\"attachment wp-att-2021\" href=\"https:\/\/www.tv-neuhof.de\/wordpress\/?attachment_id=2021\"><img loading=\"lazy\" decoding=\"async\" class=\"alignnone size-thumbnail wp-image-2021\" title=\"sany0050\" src=\"https:\/\/www.tv-neuhof.de\/wordpress\/wp-content\/uploads\/2009\/08\/sany0050-300x225.jpg\" alt=\"\" width=\"180\" height=\"135\" \/><\/a><a rel=\"attachment wp-att-2022\" href=\"https:\/\/www.tv-neuhof.de\/wordpress\/?attachment_id=2022\"> <\/a><a rel=\"attachment wp-att-2024\" href=\"https:\/\/www.tv-neuhof.de\/wordpress\/?attachment_id=2024\"><img loading=\"lazy\" decoding=\"async\" class=\"alignnone size-thumbnail wp-image-2024\" title=\"sany0053\" src=\"https:\/\/www.tv-neuhof.de\/wordpress\/wp-content\/uploads\/2009\/08\/sany0053-300x225.jpg\" alt=\"\" width=\"180\" height=\"135\" \/><\/a><a rel=\"attachment wp-att-2022\" href=\"https:\/\/www.tv-neuhof.de\/wordpress\/?attachment_id=2022\"><br \/>\n<img loading=\"lazy\" decoding=\"async\" class=\"alignnone size-thumbnail wp-image-2022\" title=\"sany0051\" src=\"https:\/\/www.tv-neuhof.de\/wordpress\/wp-content\/uploads\/2009\/08\/sany0051-300x225.jpg\" alt=\"\" width=\"180\" height=\"135\" \/><\/a> <a rel=\"attachment wp-att-2023\" href=\"https:\/\/www.tv-neuhof.de\/wordpress\/?attachment_id=2023\"><img loading=\"lazy\" decoding=\"async\" class=\"alignnone size-thumbnail wp-image-2023\" title=\"sany0052\" src=\"https:\/\/www.tv-neuhof.de\/wordpress\/wp-content\/uploads\/2009\/08\/sany0052-300x225.jpg\" alt=\"\" width=\"180\" height=\"135\" \/><\/a><\/p>\n<p style=\"text-align: left;\">Zufrieden und ein bisschen m\u00fcde aber unverletzt machten wir uns dann auf den Nachhauseweg.<\/p>\n<p>Besonders hervorzuheben ist die wirklich gute Betreuung durch den \u201eOberh\u00e4uptling&#8220; Christoph Gensler und die Mitarbeiter des <a title=\"Bio-Hof Gensler\" href=\"http:\/\/www.bio-hof-gensler.de\/\">Bio-Hofs Gensler<\/a>. Die Wigwams laden wirklich zu einer \u00dcbernachtung nach Indianerart ein.  Rundum empfehlenswert.<\/p>\n","protected":false},"excerpt":{"rendered":"<p>Am Samstag, den 15.08.09 machten sich unsere \u201eE-Jugend-Indianer&#8220; mit ihren 3 \u201eH\u00e4uptlingen&#8220; auf, ihr Saisonabschlusslager nach Indianerart in einem echten Wigwam in der Rh\u00f6ner Wildnis aufzuschlagen. Trotz guter Planung gestaltete sich schon unsere Anreise als Abenteuer. 3 der 4 Wagen fanden sich wie geplant in Dipperz an der Eisdiele zum Aufnehmen eines weiteren \u201eIndianers&#8220; ein. [&hellip;]<\/p>\n","protected":false},"author":11,"featured_media":0,"parent":1546,"menu_order":30,"comment_status":"open","ping_status":"closed","template":"","meta":{"ngg_post_thumbnail":0,"footnotes":""},"class_list":["post-1997","page","type-page","status-publish","hentry"],"_links":{"self":[{"href":"https:\/\/www.tv-neuhof.de\/wordpress\/wp-json\/wp\/v2\/pages\/1997","targetHints":{"allow":["GET"]}}],"collection":[{"href":"https:\/\/www.tv-neuhof.de\/wordpress\/wp-json\/wp\/v2\/pages"}],"about":[{"href":"https:\/\/www.tv-neuhof.de\/wordpress\/wp-json\/wp\/v2\/types\/page"}],"author":[{"embeddable":true,"href":"https:\/\/www.tv-neuhof.de\/wordpress\/wp-json\/wp\/v2\/users\/11"}],"replies":[{"embeddable":true,"href":"https:\/\/www.tv-neuhof.de\/wordpress\/wp-json\/wp\/v2\/comments?post=1997"}],"version-history":[{"count":33,"href":"https:\/\/www.tv-neuhof.de\/wordpress\/wp-json\/wp\/v2\/pages\/1997\/revisions"}],"predecessor-version":[{"id":2050,"href":"https:\/\/www.tv-neuhof.de\/wordpress\/wp-json\/wp\/v2\/pages\/1997\/revisions\/2050"}],"up":[{"embeddable":true,"href":"https:\/\/www.tv-neuhof.de\/wordpress\/wp-json\/wp\/v2\/pages\/1546"}],"wp:attachment":[{"href":"https:\/\/www.tv-neuhof.de\/wordpress\/wp-json\/wp\/v2\/media?parent=1997"}],"curies":[{"name":"wp","href":"https:\/\/api.w.org\/{rel}","templated":true}]}}