

{"id":2430,"date":"2009-09-15T18:16:05","date_gmt":"2009-09-15T17:16:05","guid":{"rendered":"http:\/\/www.tv-neuhof.de\/wordpress\/?page_id=2430"},"modified":"2024-10-13T14:46:34","modified_gmt":"2024-10-13T12:46:34","slug":"200809-2","status":"publish","type":"page","link":"https:\/\/www.tv-neuhof.de\/wordpress\/about\/historisches\/mannschaftsfotos\/200809-2\/","title":{"rendered":"2008\/09"},"content":{"rendered":"\n<h1 class=\"wp-block-heading has-text-align-center\">Herren I<\/h1>\n\n\n<div class=\"wp-block-image\">\n<figure class=\"aligncenter size-full is-resized\"><a href=\"https:\/\/www.tv-neuhof.de\/wordpress\/unsere-mannschaften\/herren-mannschaft-20072008\/mannschaftsportrait-2008-2009-002\/\"><img decoding=\"async\" src=\"https:\/\/www.tv-neuhof.de\/wordpress\/wp-content\/uploads\/2008\/11\/mannschaftsportrait-2008-2009-002.jpg\" alt=\"\" class=\"wp-image-504\" style=\"width:512px\"\/><\/a><\/figure>\n<\/div>\n\n\n<table border=\"0\" cellspacing=\"5\" cellpadding=\"2\" align=\"center\"><tbody><tr><td>Hinten v.l.:<\/td><td>Ralf Recktenwald, Mirko Auth, Stefan Enders, J\u00fcrgen Sch\u00e4fer (Betreuer), Rainer Diegm\u00fcller (Trainer), Michael Remmert, Bernhard Henkel<\/td><\/tr><tr><td>Mitten v.l.:<\/td><td>Kai N\u00fcchter, Oliver Heil, Markus M\u00fcller, Peter Kaib, Daniel Pansa, Andreas Jahn<\/td><\/tr><tr><td>Vorne v.l.:<\/td><td>Dominik Vogler, Bernd Pietzko, Andreas Stehling, Peter Vamberg, Marius Auth, Martin Kress, Kilian Schmitt<\/td><\/tr><\/tbody><\/table>\n<p><strong>&nbsp;<\/strong><\/p>\n\n\n\n<h1 class=\"wp-block-heading has-text-align-center\">Damen  I<\/h1>\n\n\n<div class=\"wp-block-image\">\n<figure class=\"aligncenter size-full is-resized\"><a href=\"https:\/\/www.tv-neuhof.de\/wordpress\/unsere-mannschaften\/damen-mannschaft-i\/damen-i-2008\/\"><img decoding=\"async\" src=\"https:\/\/www.tv-neuhof.de\/wordpress\/wp-content\/uploads\/2008\/12\/damen-i-2008.jpg\" alt=\"\" class=\"wp-image-1077\" style=\"width:512px\"\/><\/a><\/figure>\n<\/div>\n\n\n<table border=\"0\" cellspacing=\"5\" cellpadding=\"2\" align=\"center\"><tbody><tr><td>Stehend v.l.:<\/td><td>J\u00f6rg Hillenbrand (Trainer), Anna-Sophia M\u00f6ller, Maria Wehner, Sabine Schmitt, Annika Wenzel, Bettina Schmitt, Laura Kern, Martina Chrostek (Trainerin)<\/td><\/tr><tr><td>Kniend v.l.:<\/td><td>Miriam Benkner, Anna-Lena Heil, Katharina Weber, Henrike Stuwe, Mathea Heil, Natali Nau<\/td><\/tr><tr><td>Es fehlen:<\/td><td>Ariane Benkner, Bernadette Wahl, Corinna Hartung, Elisabeth Weber, Ellen Vasters, Frederike Weber<\/td><\/tr><\/tbody><\/table>\n<p><strong>&nbsp;<\/strong><\/p>\n\n\n\n<h1 class=\"wp-block-heading has-text-align-center\">Damen II<\/h1>\n\n\n<div class=\"wp-block-image\">\n<figure class=\"aligncenter size-full is-resized\"><a href=\"https:\/\/www.tv-neuhof.de\/wordpress\/unsere-mannschaften\/damen-mannschaft-ii\/damen-ii-2008\/\"><img decoding=\"async\" src=\"https:\/\/www.tv-neuhof.de\/wordpress\/wp-content\/uploads\/2009\/01\/damen-ii-2008.jpg\" alt=\"\" class=\"wp-image-1434\" style=\"width:512px\"\/><\/a><\/figure>\n<\/div>\n\n\n<table border=\"0\" cellspacing=\"5\" cellpadding=\"2\" align=\"center\"><tbody><tr><td>Hinten v.l.:<\/td><td>Henrike Stuwe, Heike Trost, Christine Romeis, Steffi Sallmann, Susanne M\u00f6ller, Ute Kern, Martina Chrostek (Trainerin)<\/td><\/tr><tr><td>Vorne v.l.:<\/td><td>Maria Trost, Bettina Schmidt, Annette Spahn, Sabine Wehner, Natalie Nau, Michaela Blum<\/td><\/tr><tr><td>Es fehlen:<\/td><td>Nicole Hohmann, Corinna Kuschnick<\/td><\/tr><\/tbody><\/table>\n<p><strong>&nbsp;<\/strong><\/p>\n\n\n\n<h1 class=\"wp-block-heading has-text-align-center\">B-Jugend m\u00e4nnlich<\/h1>\n\n\n<div class=\"wp-block-image\">\n<figure class=\"aligncenter size-full is-resized\"><a href=\"https:\/\/www.tv-neuhof.de\/wordpress\/unsere-mannschaften\/b-jugend-mannlich\/b-jugend-mannlich-2008\/\"><img decoding=\"async\" src=\"https:\/\/www.tv-neuhof.de\/wordpress\/wp-content\/uploads\/2008\/11\/b-jugend-mannlich-2008.jpg\" alt=\"\" class=\"wp-image-745\" style=\"width:512px\"\/><\/a><\/figure>\n<\/div>\n\n\n<table border=\"0\" cellspacing=\"5\" cellpadding=\"2\" align=\"center\"><tbody><tr><td>Stehend v.l.:<\/td><td>Winfried Schmitt, Lutz Gerhard, Fabian M\u00f6ller, Johannes Engel, Fabian Benkner<\/td><\/tr><tr><td>Kniend v.l.:<\/td><td>Felix M\u00f6ller, Helge Chrostek, Frederik Storch, Tim Eisenstein, Dominik Schmitt<\/td><\/tr><tr><td>Es fehlen:<\/td><td>Jonas Enders, Sebastian Fl\u00fcgel und Max M\u00f6ller<\/td><\/tr><\/tbody><\/table>\n<p><strong>&nbsp;<\/strong><\/p>\n\n\n\n<h1 class=\"wp-block-heading has-text-align-center\">C-Jugend m\u00e4nnlich<\/h1>\n\n\n<div class=\"wp-block-image\">\n<figure class=\"aligncenter size-full is-resized\"><a href=\"https:\/\/www.tv-neuhof.de\/wordpress\/unsere-mannschaften\/c-jugend-mannlich\/c-jugend-mannlich-2008-2009\/\"><img decoding=\"async\" src=\"https:\/\/www.tv-neuhof.de\/wordpress\/wp-content\/uploads\/2009\/01\/c-jugend-mannlich-2008-2009.jpg\" alt=\"\" class=\"wp-image-1540\" style=\"width:512px\"\/><\/a><\/figure>\n<\/div>\n\n\n<table border=\"0\" cellspacing=\"5\" cellpadding=\"2\" align=\"center\">\n<tbody>\n<tr>\n<td>Stehend v.l.:<\/td>\n<td>Johannes Engel (Trainer), Marius M\u00f6ller, Christian Remmert, Leonard Hack, Steffi Sallmann (Trainerin)<\/td>\n<\/tr>\n<tr>\n<td>Kniend v.l.:<\/td>\n<td>Dominik We\u00df, Julian Kl\u00fch, Eduard Zamfir, Julian M\u00f6ller<\/td>\n<\/tr>\n<tr>\n<td>Es fehlen:<\/td>\n<td>Max Cabanski, Robin Haschke, Sandro M\u00f6ller, Marcel Rehm, Patrick Heil, Martin Kress (Trainer) und Stefan Enders (Trainer)<\/td>\n<\/tr>\n<\/tbody>\n<\/table>\n<p><strong>&nbsp;<\/strong><\/p>\n\n\n\n<h1 class=\"wp-block-heading has-text-align-center\">C-Jugend weiblich<\/h1>\n\n\n<div class=\"wp-block-image\">\n<figure class=\"aligncenter size-full is-resized\"><a href=\"https:\/\/www.tv-neuhof.de\/wordpress\/unsere-mannschaften\/c-jugend-weiblich\/c-jugend-weiblich-2008-2009\/\"><img decoding=\"async\" src=\"https:\/\/www.tv-neuhof.de\/wordpress\/wp-content\/uploads\/2009\/01\/c-jugend-weiblich-2008-2009.jpg\" alt=\"\" class=\"wp-image-1535\" style=\"width:512px\"\/><\/a><\/figure>\n<\/div>\n\n\n<table border=\"0\" cellspacing=\"5\" cellpadding=\"2\" align=\"center\"><tbody><tr><td>Stehend v.l.:<\/td><td>Norbert Kern (Trainer), Michell\u00e8 Grefer, Verena Dreif\u00fcrst, Anna-Lena Engel, Anna-Maria Weber<\/td><\/tr><tr><td>Kniend v.l.:<\/td><td>Alida Maxand, Franziska Kern, Larissa Chrostek, Deborah Schneider<\/td><\/tr><tr><td>Es fehlen:<\/td><td>Mareike Auth<\/td><\/tr><\/tbody><\/table>\n<p><strong>&nbsp;<\/strong><\/p>\n\n\n\n<h1 class=\"wp-block-heading has-text-align-center\">D-Jugend m\u00e4nnlich<\/h1>\n\n\n<div class=\"wp-block-image\">\n<figure class=\"aligncenter size-full is-resized\"><a href=\"https:\/\/www.tv-neuhof.de\/wordpress\/unsere-mannschaften\/mannliche-d-jugend-20072008\/d-jugend-mannlich-2008-2009\/\"><img decoding=\"async\" src=\"https:\/\/www.tv-neuhof.de\/wordpress\/wp-content\/uploads\/2009\/01\/d-jugend-mannlich-2008-2009.jpg\" alt=\"\" class=\"wp-image-1543\" style=\"width:512px\"\/><\/a><\/figure>\n<\/div>\n\n\n<table border=\"0\" cellspacing=\"5\" cellpadding=\"2\" align=\"center\"><tbody><tr><td>Stehend v.l.:<\/td><td>Stefan Enders (Trainer), Sebastian Happ, Fabian Romeis, Christian Remmert, Marcel Sch\u00e4fer, Sebastian Helker, Martin Kress (Trainer)<\/td><\/tr><tr><td>Kniend v.l.:<\/td><td>Paul Ernst, Jannik Enders, Leon Rupprecht, Daniel H\u00e4ndler, Dominic B\u00f6schen<\/td><\/tr><tr><td>Es fehlen:<\/td><td>Manuel We\u00df und Johannes Engel (Trainer)<\/td><\/tr><\/tbody><\/table>\n<p><strong>&nbsp;<\/strong><\/p>\n\n\n\n<h1 class=\"wp-block-heading has-text-align-center\">D-Jugend weiblich<\/h1>\n\n\n<div class=\"wp-block-image\">\n<figure class=\"aligncenter size-full is-resized\"><a href=\"https:\/\/www.tv-neuhof.de\/wordpress\/unsere-mannschaften\/weibliche-d-jugend-20072008\/d-jugend-weiblich-20082009\/\"><img decoding=\"async\" src=\"https:\/\/www.tv-neuhof.de\/wordpress\/wp-content\/uploads\/2008\/10\/d-jugend-weiblich-2008-2009.gif\" alt=\"\" class=\"wp-image-155\" style=\"width:512px\"\/><\/a><\/figure>\n<\/div>\n\n\n<table border=\"0\" cellspacing=\"5\" cellpadding=\"2\" align=\"center\"><tbody><tr><td>Stehend v.l.:<\/td><td>Helena M\u00f6ller, Aileen Ruppel, Antonia Kulla, Ann-Kristin Krah<\/td><\/tr><tr><td>Kniend v.l.:<\/td><td>Christina Sterzer, Josepha Vogel, Jana Wittkamm<\/td><\/tr><tr><td>Liegend v.l.:<\/td><td>Lisa M\u00fcller, Rieke Heurich<\/td><\/tr><tr><td>Es fehlt:<\/td><td>Nadine Diegelmann<\/td><\/tr><\/tbody><\/table>\n<p><strong>&nbsp;<\/strong><\/p>\n\n\n\n<h1 class=\"wp-block-heading has-text-align-center\">E-Jugend<\/h1>\n\n\n<div class=\"wp-block-image\">\n<figure class=\"aligncenter size-full is-resized\"><a href=\"https:\/\/www.tv-neuhof.de\/wordpress\/unsere-mannschaften\/e-jugend\/e-jugend-20082009\/\"><img decoding=\"async\" src=\"https:\/\/www.tv-neuhof.de\/wordpress\/wp-content\/uploads\/2008\/10\/dscn0424.gif\" alt=\"\" class=\"wp-image-170\" style=\"width:512px\"\/><\/a><\/figure>\n<\/div>\n\n\n<table border=\"0\" cellspacing=\"5\" cellpadding=\"2\" align=\"center\"><tbody><tr><td>Stehend v.l.:<\/td><td>Nils Diegm\u00fcller. Martha Vogel, Leon Gerhard, Jonathan Schad, Niklas Vogel, Felix M\u00f6ller, Johannes Kulla, Alexander Remmert<\/td><\/tr><tr><td>Kniend v.l.:<\/td><td>Jonas Leitsch, Jonathan M\u00f6ller, Jan Leitsch<\/td><\/tr><tr><td>Es fehlen:<\/td><td>Elisabeth Assmann, Elias Hack, Swenja Riedl, Marius Will<\/td><\/tr><\/tbody><\/table>\n<p><strong>&nbsp;<\/strong><\/p>\n","protected":false},"excerpt":{"rendered":"<p>Herren I Hinten v.l.: Ralf Recktenwald, Mirko Auth, Stefan Enders, J\u00fcrgen Sch\u00e4fer (Betreuer), Rainer Diegm\u00fcller (Trainer), Michael Remmert, Bernhard Henkel Mitten v.l.: Kai N\u00fcchter, Oliver Heil, Markus M\u00fcller, Peter Kaib, Daniel Pansa, Andreas Jahn Vorne v.l.: Dominik Vogler, Bernd Pietzko, Andreas Stehling, Peter Vamberg, Marius Auth, Martin Kress, Kilian Schmitt &nbsp; Damen I Stehend v.l.: [&hellip;]<\/p>\n","protected":false},"author":11,"featured_media":0,"parent":2399,"menu_order":2008,"comment_status":"closed","ping_status":"closed","template":"","meta":{"ngg_post_thumbnail":0,"footnotes":""},"class_list":["post-2430","page","type-page","status-publish","hentry"],"_links":{"self":[{"href":"https:\/\/www.tv-neuhof.de\/wordpress\/wp-json\/wp\/v2\/pages\/2430","targetHints":{"allow":["GET"]}}],"collection":[{"href":"https:\/\/www.tv-neuhof.de\/wordpress\/wp-json\/wp\/v2\/pages"}],"about":[{"href":"https:\/\/www.tv-neuhof.de\/wordpress\/wp-json\/wp\/v2\/types\/page"}],"author":[{"embeddable":true,"href":"https:\/\/www.tv-neuhof.de\/wordpress\/wp-json\/wp\/v2\/users\/11"}],"replies":[{"embeddable":true,"href":"https:\/\/www.tv-neuhof.de\/wordpress\/wp-json\/wp\/v2\/comments?post=2430"}],"version-history":[{"count":59,"href":"https:\/\/www.tv-neuhof.de\/wordpress\/wp-json\/wp\/v2\/pages\/2430\/revisions"}],"predecessor-version":[{"id":13057,"href":"https:\/\/www.tv-neuhof.de\/wordpress\/wp-json\/wp\/v2\/pages\/2430\/revisions\/13057"}],"up":[{"embeddable":true,"href":"https:\/\/www.tv-neuhof.de\/wordpress\/wp-json\/wp\/v2\/pages\/2399"}],"wp:attachment":[{"href":"https:\/\/www.tv-neuhof.de\/wordpress\/wp-json\/wp\/v2\/media?parent=2430"}],"curies":[{"name":"wp","href":"https:\/\/api.w.org\/{rel}","templated":true}]}}