

{"id":2534,"date":"2009-09-17T17:17:47","date_gmt":"2009-09-17T16:17:47","guid":{"rendered":"http:\/\/www.tv-neuhof.de\/wordpress\/?page_id=2534"},"modified":"2009-09-17T17:19:57","modified_gmt":"2009-09-17T16:19:57","slug":"allerlei","status":"publish","type":"page","link":"https:\/\/www.tv-neuhof.de\/wordpress\/about\/historisches\/allerlei\/","title":{"rendered":"Allerlei"},"content":{"rendered":"<p>Hier erscheint alles, was sonst nirgends dazupa\u00dft.<\/p>\n<hr>\n<p><strong>E-Jugend 2008<\/strong><\/p>\n<p style=\"margin-bottom: 0cm;\">Unsere Trainingsflei\u00dfigsten wurden 2008 zu Trainingsweltmeister gek\u00fcrt:<\/p>\n<p><a rel=\"attachment wp-att-131\" href=\"https:\/\/www.tv-neuhof.de\/wordpress\/?attachment_id=131\"><img loading=\"lazy\" decoding=\"async\" class=\"alignnone size-thumbnail wp-image-131\" title=\"Trainingsweltmeister E-Jugend 2008\" src=\"https:\/\/www.tv-neuhof.de\/wordpress\/wp-content\/uploads\/2008\/09\/trainingsweltmeister-e-jugend-2008.thumbnail.JPG\" alt=\"\" width=\"128\" height=\"85\" \/><\/a> <a href=\"https:\/\/www.tv-neuhof.de\/wordpress\/wp-content\/uploads\/2008\/09\/trainingsweltmeister-e-jugend-2008-ruckseite.JPG\"><img loading=\"lazy\" decoding=\"async\" class=\"alignnone size-thumbnail wp-image-132\" title=\"Trainingsweltmeister E-Jugend 2008 R\u00fcckseite\" src=\"https:\/\/www.tv-neuhof.de\/wordpress\/wp-content\/uploads\/2008\/09\/trainingsweltmeister-e-jugend-2008-ruckseite.thumbnail.JPG\" alt=\"\" width=\"128\" height=\"85\" \/><\/a><br \/>\n<span style=\"font-size: 9pt;\">v.l. Jan Leitsch, Felix M\u00f6ller, Alexander Remmert<\/span><\/p>\n<hr>\n<p><strong>Trainer-Dreigestirn beim Fastnachtstraining E-Jugend 2007<\/strong><br \/>\n<a href=\"https:\/\/www.tv-neuhof.de\/wordpress\/?attachment_id=126\" rel=\"attachment wp-att-126\"><img loading=\"lazy\" decoding=\"async\" src=\"https:\/\/www.tv-neuhof.de\/wordpress\/wp-content\/uploads\/2008\/09\/fastnachtraining-2007-trainergespann-e-jugend.thumbnail.jpg\" alt=\"\" title=\"Fastnachtstraining 2007 Trainergespann E-Jugend\" width=\"128\" height=\"95\" class=\"alignnone size-thumbnail wp-image-126\" \/><\/a><\/p>\n<hr>\n","protected":false},"excerpt":{"rendered":"<p>Hier erscheint alles, was sonst nirgends dazupa\u00dft. E-Jugend 2008 Unsere Trainingsflei\u00dfigsten wurden 2008 zu Trainingsweltmeister gek\u00fcrt: v.l. Jan Leitsch, Felix M\u00f6ller, Alexander Remmert Trainer-Dreigestirn beim Fastnachtstraining E-Jugend 2007<\/p>\n","protected":false},"author":11,"featured_media":0,"parent":2397,"menu_order":30,"comment_status":"closed","ping_status":"closed","template":"","meta":{"ngg_post_thumbnail":0,"footnotes":""},"class_list":["post-2534","page","type-page","status-publish","hentry"],"_links":{"self":[{"href":"https:\/\/www.tv-neuhof.de\/wordpress\/wp-json\/wp\/v2\/pages\/2534","targetHints":{"allow":["GET"]}}],"collection":[{"href":"https:\/\/www.tv-neuhof.de\/wordpress\/wp-json\/wp\/v2\/pages"}],"about":[{"href":"https:\/\/www.tv-neuhof.de\/wordpress\/wp-json\/wp\/v2\/types\/page"}],"author":[{"embeddable":true,"href":"https:\/\/www.tv-neuhof.de\/wordpress\/wp-json\/wp\/v2\/users\/11"}],"replies":[{"embeddable":true,"href":"https:\/\/www.tv-neuhof.de\/wordpress\/wp-json\/wp\/v2\/comments?post=2534"}],"version-history":[{"count":16,"href":"https:\/\/www.tv-neuhof.de\/wordpress\/wp-json\/wp\/v2\/pages\/2534\/revisions"}],"predecessor-version":[{"id":2550,"href":"https:\/\/www.tv-neuhof.de\/wordpress\/wp-json\/wp\/v2\/pages\/2534\/revisions\/2550"}],"up":[{"embeddable":true,"href":"https:\/\/www.tv-neuhof.de\/wordpress\/wp-json\/wp\/v2\/pages\/2397"}],"wp:attachment":[{"href":"https:\/\/www.tv-neuhof.de\/wordpress\/wp-json\/wp\/v2\/media?parent=2534"}],"curies":[{"name":"wp","href":"https:\/\/api.w.org\/{rel}","templated":true}]}}