

{"id":263,"date":"2008-11-04T11:48:19","date_gmt":"2008-11-04T10:48:19","guid":{"rendered":"http:\/\/www.tv-neuhof.de\/wordpress\/?page_id=263"},"modified":"2023-08-14T13:54:25","modified_gmt":"2023-08-14T11:54:25","slug":"damen-mannschaft-ii","status":"publish","type":"page","link":"https:\/\/www.tv-neuhof.de\/wordpress\/unsere-mannschaften\/damen-mannschaft-ii\/","title":{"rendered":"Damen \u00dc-Team"},"content":{"rendered":"\n<h1 class=\"wp-block-heading has-text-align-center\">Teamportrait<\/h1>\n\n\n\n<p style=\"text-align: center;\"><a href=\"https:\/\/www.tv-neuhof.de\/wordpress\/unsere-mannschaften\/damen-mannschaft-ii\/2010-u-team\/\" rel=\"attachment wp-att-5315\"><img loading=\"lazy\" decoding=\"async\" class=\"alignnone size-medium wp-image-5315\" title=\"2010 - \u00dc-Team\" src=\"http:.\/wp-content\/uploads\/2008\/11\/2010-\u00dc-Team-300x200.jpg\" alt=\"\" width=\"300\" height=\"200\" srcset=\"https:\/\/www.tv-neuhof.de\/wordpress\/wp-content\/uploads\/2008\/11\/2010-\u00dc-Team-300x200.jpg 300w, https:\/\/www.tv-neuhof.de\/wordpress\/wp-content\/uploads\/2008\/11\/2010-\u00dc-Team.jpg 1024w\" sizes=\"auto, (max-width: 300px) 100vw, 300px\" \/><\/a><\/p>\n<p><strong>&nbsp;<\/strong><\/p>\n\n\n\n<h1 class=\"wp-block-heading has-text-align-center\">Kontakt<\/h1>\n\n\n\n<table border=\"0\" align=\"center\">\n<tbody>\n<tr>\n<td align=\"center\" width=\"200\"><a href=\".\/?page_id=138\"><img loading=\"lazy\" decoding=\"async\" title=\"Roswitha Haas\" src=\"https:\/\/www.tv-neuhof.de\/wordpress\/wp-content\/uploads\/2008\/09\/rossi.jpg\" alt=\"\" width=\"105\" height=\"135\"><\/a><br>Roswitha Haas<\/td>\n<td align=\"center\" width=\"200\"><a href=\".\/?page_id=4976\"><img loading=\"lazy\" decoding=\"async\" title=\"Bildplatzhalter\" src=\"https:\/\/www.tv-neuhof.de\/wordpress\/wp-content\/uploads\/2008\/09\/bildplatzhalter.thumbnail.gif\" alt=\"\" width=\"121\" height=\"135\"><\/a><br>Petra Remmert<\/td>\n<\/tr>\n<\/tbody>\n<\/table>\n<p><strong>&nbsp;<\/strong><\/p>\n\n\n\n<h1 class=\"wp-block-heading has-text-align-center\">Trainingszeiten<\/h1>\n\n\n\n<p style=\"text-align:center\">Freitag, 19:00 &#8211; 20:30 Uhr (Im Sommer meistens drau\u00dfen)<br>Freitag, 19:00 &#8211; 20:30 Uhr (Ab Herbst in der Halle)<br>Kreissporthalle an der Johannes-Kepler-Schule Neuhof<\/p>\n<p><strong>&nbsp;<\/strong><\/p>\n\n\n\n<h1 class=\"wp-block-heading has-text-align-center\">Informationen<\/h1>\n\n\n\n<p style=\"text-align:center\">Wir sind ein Team aus ehemaligen aktiven Damen und Interessierten, die sich gerne noch sportlich bet\u00e4tigen, aber kein Leistungstraining mehr machen wollen. Wir spielen Handball, Fu\u00dfball, Basketball, Badminton, Tischtennis &#8230;.<br>\u00dcbrigens: <b>\u00dc<\/b> = \u00fcber 20, 30, 40, 50<\/p>\n","protected":false},"excerpt":{"rendered":"<p>Teamportrait &nbsp; Kontakt Roswitha Haas Petra Remmert &nbsp; Trainingszeiten Freitag, 19:00 &#8211; 20:30 Uhr (Im Sommer meistens drau\u00dfen)Freitag, 19:00 &#8211; 20:30 Uhr (Ab Herbst in der Halle)Kreissporthalle an der Johannes-Kepler-Schule Neuhof &nbsp; Informationen Wir sind ein Team aus ehemaligen aktiven Damen und Interessierten, die sich gerne noch sportlich bet\u00e4tigen, aber kein Leistungstraining mehr machen wollen. [&hellip;]<\/p>\n","protected":false},"author":11,"featured_media":0,"parent":414,"menu_order":24,"comment_status":"closed","ping_status":"closed","template":"","meta":{"ngg_post_thumbnail":0,"footnotes":""},"class_list":["post-263","page","type-page","status-publish","hentry"],"_links":{"self":[{"href":"https:\/\/www.tv-neuhof.de\/wordpress\/wp-json\/wp\/v2\/pages\/263","targetHints":{"allow":["GET"]}}],"collection":[{"href":"https:\/\/www.tv-neuhof.de\/wordpress\/wp-json\/wp\/v2\/pages"}],"about":[{"href":"https:\/\/www.tv-neuhof.de\/wordpress\/wp-json\/wp\/v2\/types\/page"}],"author":[{"embeddable":true,"href":"https:\/\/www.tv-neuhof.de\/wordpress\/wp-json\/wp\/v2\/users\/11"}],"replies":[{"embeddable":true,"href":"https:\/\/www.tv-neuhof.de\/wordpress\/wp-json\/wp\/v2\/comments?post=263"}],"version-history":[{"count":67,"href":"https:\/\/www.tv-neuhof.de\/wordpress\/wp-json\/wp\/v2\/pages\/263\/revisions"}],"predecessor-version":[{"id":12602,"href":"https:\/\/www.tv-neuhof.de\/wordpress\/wp-json\/wp\/v2\/pages\/263\/revisions\/12602"}],"up":[{"embeddable":true,"href":"https:\/\/www.tv-neuhof.de\/wordpress\/wp-json\/wp\/v2\/pages\/414"}],"wp:attachment":[{"href":"https:\/\/www.tv-neuhof.de\/wordpress\/wp-json\/wp\/v2\/media?parent=263"}],"curies":[{"name":"wp","href":"https:\/\/api.w.org\/{rel}","templated":true}]}}