

{"id":5858,"date":"2012-07-24T06:44:21","date_gmt":"2012-07-24T05:44:21","guid":{"rendered":"http:\/\/www.tv-neuhof.de\/wordpress\/?page_id=5858"},"modified":"2012-07-24T06:44:21","modified_gmt":"2012-07-24T05:44:21","slug":"saisonabschluss-damen-2012","status":"publish","type":"page","link":"https:\/\/www.tv-neuhof.de\/wordpress\/about\/vereinsleben\/saisonabschluss-damen-2012\/","title":{"rendered":"Saisonabschluss Damen 2012"},"content":{"rendered":"<p><span style=\"text-decoration: underline;\">Die Fahrt auf der wilden Werra<\/span><\/p>\n<p>Die Saison ist beendet und die Spiele sind gespielt und um einen geb\u00fchrenden Abschluss zu finden, versammelte sich die Damenmannschaft des TV Jahn Neuhof an einem sonnigen Sonntagmorgen. Das Ziel war eine Flo\u00dffahrt auf der Werra. Nat\u00fcrlich bauten wir, wie es sich als handwerklich begabte Damen geh\u00f6rt, die Flo\u00dfe selbst. Auch wurde unsere Kreativit\u00e4t gefordert. Das Ergebnis waren vier unsinkbare Bauten von den f\u00fcnf Freunden, Frosch G\u00fcnther, der wilden Werra und Captain Thomas und seiner Crew. Nach einer entspannten und angenehmen Fahrt ohne gro\u00dfe Zwischenf\u00e4lle erreichten wir unser Ziel. Dort st\u00e4rkten wir uns mit Kaffee und Kuchen und genossen die Sonne.<br \/>\nSchlie\u00dflich begaben wir uns wieder auf den Heimweg. Doch das Programm war noch lange nicht zu Ende. Der kr\u00f6nende Abschluss folgte im Garten der Familie Weber. Dort veranstalteten wir noch eine Grillparty mit anschlie\u00dfendem Public Viewing. Und nat\u00fcrlich gewann die deutsche Nationalmannschaft. Besser h\u00e4tte dieser gelungene Tag nicht ausklingen k\u00f6nnen.<\/p>\n<table border=\"0\" align=\"center\">\n<tbody>\n<tr>\n<td><a href=\"https:\/\/www.tv-neuhof.de\/wordpress\/wp-content\/uploads\/2012\/07\/DamenAbschluss2012_01.jpg\"><img loading=\"lazy\" decoding=\"async\" class=\"alignnone size-thumbnail wp-image-5859\" title=\"DamenAbschluss2012_01\" src=\"https:\/\/www.tv-neuhof.de\/wordpress\/wp-content\/uploads\/2012\/07\/DamenAbschluss2012_01-300x225.jpg\" alt=\"\" width=\"300\" height=\"225\" srcset=\"https:\/\/www.tv-neuhof.de\/wordpress\/wp-content\/uploads\/2012\/07\/DamenAbschluss2012_01-300x225.jpg 300w, https:\/\/www.tv-neuhof.de\/wordpress\/wp-content\/uploads\/2012\/07\/DamenAbschluss2012_01.jpg 1024w\" sizes=\"auto, (max-width: 300px) 100vw, 300px\" \/><\/a><\/td>\n<td><a href=\"https:\/\/www.tv-neuhof.de\/wordpress\/wp-content\/uploads\/2012\/07\/DamenAbschluss2012_02.jpg\"><img loading=\"lazy\" decoding=\"async\" class=\"alignnone size-thumbnail wp-image-5861\" title=\"DamenAbschluss2012_02\" src=\"https:\/\/www.tv-neuhof.de\/wordpress\/wp-content\/uploads\/2012\/07\/DamenAbschluss2012_02-300x225.jpg\" alt=\"\" width=\"300\" height=\"225\" srcset=\"https:\/\/www.tv-neuhof.de\/wordpress\/wp-content\/uploads\/2012\/07\/DamenAbschluss2012_02-300x225.jpg 300w, https:\/\/www.tv-neuhof.de\/wordpress\/wp-content\/uploads\/2012\/07\/DamenAbschluss2012_02.jpg 1024w\" sizes=\"auto, (max-width: 300px) 100vw, 300px\" \/><\/a><\/td>\n<\/tr>\n<tr>\n<td><a href=\"https:\/\/www.tv-neuhof.de\/wordpress\/wp-content\/uploads\/2012\/07\/DamenAbschluss2012_03.jpg\"><img loading=\"lazy\" decoding=\"async\" class=\"alignnone size-thumbnail wp-image-5862\" title=\"DamenAbschluss2012_03\" src=\"https:\/\/www.tv-neuhof.de\/wordpress\/wp-content\/uploads\/2012\/07\/DamenAbschluss2012_03-300x225.jpg\" alt=\"\" width=\"300\" height=\"225\" srcset=\"https:\/\/www.tv-neuhof.de\/wordpress\/wp-content\/uploads\/2012\/07\/DamenAbschluss2012_03-300x225.jpg 300w, https:\/\/www.tv-neuhof.de\/wordpress\/wp-content\/uploads\/2012\/07\/DamenAbschluss2012_03.jpg 1024w\" sizes=\"auto, (max-width: 300px) 100vw, 300px\" \/><\/a><\/td>\n<td><a href=\"https:\/\/www.tv-neuhof.de\/wordpress\/wp-content\/uploads\/2012\/07\/DamenAbschluss2012_04.jpg\"><img loading=\"lazy\" decoding=\"async\" class=\"alignnone size-thumbnail wp-image-5863\" title=\"DamenAbschluss2012_04\" src=\"https:\/\/www.tv-neuhof.de\/wordpress\/wp-content\/uploads\/2012\/07\/DamenAbschluss2012_04-300x225.jpg\" alt=\"\" width=\"300\" height=\"225\" srcset=\"https:\/\/www.tv-neuhof.de\/wordpress\/wp-content\/uploads\/2012\/07\/DamenAbschluss2012_04-300x225.jpg 300w, https:\/\/www.tv-neuhof.de\/wordpress\/wp-content\/uploads\/2012\/07\/DamenAbschluss2012_04.jpg 1024w\" sizes=\"auto, (max-width: 300px) 100vw, 300px\" \/><\/a><\/td>\n<\/tr>\n<tr>\n<td><a href=\"https:\/\/www.tv-neuhof.de\/wordpress\/wp-content\/uploads\/2012\/07\/DamenAbschluss2012_05.jpg\"><img loading=\"lazy\" decoding=\"async\" class=\"alignnone size-thumbnail wp-image-5864\" title=\"DamenAbschluss2012_05\" src=\"https:\/\/www.tv-neuhof.de\/wordpress\/wp-content\/uploads\/2012\/07\/DamenAbschluss2012_05-300x225.jpg\" alt=\"\" width=\"300\" height=\"225\" srcset=\"https:\/\/www.tv-neuhof.de\/wordpress\/wp-content\/uploads\/2012\/07\/DamenAbschluss2012_05-300x225.jpg 300w, https:\/\/www.tv-neuhof.de\/wordpress\/wp-content\/uploads\/2012\/07\/DamenAbschluss2012_05.jpg 1024w\" sizes=\"auto, (max-width: 300px) 100vw, 300px\" \/><\/a><\/td>\n<td><a href=\"https:\/\/www.tv-neuhof.de\/wordpress\/wp-content\/uploads\/2012\/07\/DamenAbschluss2012_06.jpg\"><img loading=\"lazy\" decoding=\"async\" class=\"alignnone size-thumbnail wp-image-5865\" title=\"DamenAbschluss2012_06\" src=\"https:\/\/www.tv-neuhof.de\/wordpress\/wp-content\/uploads\/2012\/07\/DamenAbschluss2012_06-300x225.jpg\" alt=\"\" width=\"300\" height=\"225\" srcset=\"https:\/\/www.tv-neuhof.de\/wordpress\/wp-content\/uploads\/2012\/07\/DamenAbschluss2012_06-300x225.jpg 300w, https:\/\/www.tv-neuhof.de\/wordpress\/wp-content\/uploads\/2012\/07\/DamenAbschluss2012_06.jpg 1024w\" sizes=\"auto, (max-width: 300px) 100vw, 300px\" \/><\/a><\/td>\n<\/tr>\n<\/tbody>\n<\/table>\n","protected":false},"excerpt":{"rendered":"<p>Die Fahrt auf der wilden Werra Die Saison ist beendet und die Spiele sind gespielt und um einen geb\u00fchrenden Abschluss zu finden, versammelte sich die Damenmannschaft des TV Jahn Neuhof an einem sonnigen Sonntagmorgen. Das Ziel war eine Flo\u00dffahrt auf der Werra. Nat\u00fcrlich bauten wir, wie es sich als handwerklich begabte Damen geh\u00f6rt, die Flo\u00dfe [&hellip;]<\/p>\n","protected":false},"author":11,"featured_media":0,"parent":1546,"menu_order":40,"comment_status":"open","ping_status":"closed","template":"","meta":{"ngg_post_thumbnail":0,"footnotes":""},"class_list":["post-5858","page","type-page","status-publish","hentry"],"_links":{"self":[{"href":"https:\/\/www.tv-neuhof.de\/wordpress\/wp-json\/wp\/v2\/pages\/5858","targetHints":{"allow":["GET"]}}],"collection":[{"href":"https:\/\/www.tv-neuhof.de\/wordpress\/wp-json\/wp\/v2\/pages"}],"about":[{"href":"https:\/\/www.tv-neuhof.de\/wordpress\/wp-json\/wp\/v2\/types\/page"}],"author":[{"embeddable":true,"href":"https:\/\/www.tv-neuhof.de\/wordpress\/wp-json\/wp\/v2\/users\/11"}],"replies":[{"embeddable":true,"href":"https:\/\/www.tv-neuhof.de\/wordpress\/wp-json\/wp\/v2\/comments?post=5858"}],"version-history":[{"count":3,"href":"https:\/\/www.tv-neuhof.de\/wordpress\/wp-json\/wp\/v2\/pages\/5858\/revisions"}],"predecessor-version":[{"id":5867,"href":"https:\/\/www.tv-neuhof.de\/wordpress\/wp-json\/wp\/v2\/pages\/5858\/revisions\/5867"}],"up":[{"embeddable":true,"href":"https:\/\/www.tv-neuhof.de\/wordpress\/wp-json\/wp\/v2\/pages\/1546"}],"wp:attachment":[{"href":"https:\/\/www.tv-neuhof.de\/wordpress\/wp-json\/wp\/v2\/media?parent=5858"}],"curies":[{"name":"wp","href":"https:\/\/api.w.org\/{rel}","templated":true}]}}