

{"id":8611,"date":"2016-09-09T07:46:01","date_gmt":"2016-09-09T06:46:01","guid":{"rendered":"http:\/\/www.tv-neuhof.de\/wordpress\/?page_id=8611"},"modified":"2024-10-14T16:39:44","modified_gmt":"2024-10-14T14:39:44","slug":"201516-2","status":"publish","type":"page","link":"https:\/\/www.tv-neuhof.de\/wordpress\/about\/historisches\/mannschaftsfotos\/201516-2\/","title":{"rendered":"2015\/16"},"content":{"rendered":"\n<h1 class=\"wp-block-heading has-text-align-center\">Herren I<\/h1>\n\n\n<div class=\"wp-block-image\">\n<figure class=\"aligncenter size-full is-resized\"><a href=\"https:\/\/www.tv-neuhof.de\/wordpress\/unsere-mannschaften\/herren-mannschaft-20072008\/2015-herren-i-und-ii\/\"><img loading=\"lazy\" decoding=\"async\" width=\"1600\" height=\"900\" src=\"https:\/\/www.tv-neuhof.de\/wordpress\/wp-content\/uploads\/2008\/04\/2015-Herren-I-und-II.jpg\" alt=\"\" class=\"wp-image-8072\" style=\"width:512px\" srcset=\"https:\/\/www.tv-neuhof.de\/wordpress\/wp-content\/uploads\/2008\/04\/2015-Herren-I-und-II.jpg 1600w, https:\/\/www.tv-neuhof.de\/wordpress\/wp-content\/uploads\/2008\/04\/2015-Herren-I-und-II-300x168.jpg 300w, https:\/\/www.tv-neuhof.de\/wordpress\/wp-content\/uploads\/2008\/04\/2015-Herren-I-und-II-1024x576.jpg 1024w\" sizes=\"auto, (max-width: 1600px) 100vw, 1600px\" \/><\/a><\/figure>\n<\/div>\n\n\n<table border=\"0\" cellspacing=\"5\" cellpadding=\"2\" align=\"center\"><tbody><tr><td>Stehend v.l.:<\/td><td>Konstantin Enders (Physio), Dominik Vogler, Daniel Arnreich, Christian Remmert, Lukas Benkner, Andreas Stehling, Johannes Manz, Felix M\u00f6ller<\/td><\/tr><tr><td>Sitzend v.l.:<\/td><td>Bernd Leidheiser (Trainer), Frederick Storch, Daniel H\u00e4ndler, Tim Eisenstein, Yannik Enders, Leonard Hack, Johannes Engel<\/td><\/tr><\/tbody><\/table>\n<p><strong>&nbsp;<\/strong><\/p>\n\n\n\n<h1 class=\"wp-block-heading has-text-align-center\">Damen I<\/h1>\n\n\n<div class=\"wp-block-image\">\n<figure class=\"aligncenter size-full is-resized\"><a href=\"https:\/\/www.tv-neuhof.de\/wordpress\/unsere-mannschaften\/damen-mannschaft-i\/2015-damen\/\"><img loading=\"lazy\" decoding=\"async\" width=\"1024\" height=\"741\" src=\"https:\/\/www.tv-neuhof.de\/wordpress\/wp-content\/uploads\/2008\/11\/2015-Damen.jpg\" alt=\"\" class=\"wp-image-8081\" style=\"width:512px\" srcset=\"https:\/\/www.tv-neuhof.de\/wordpress\/wp-content\/uploads\/2008\/11\/2015-Damen.jpg 1024w, https:\/\/www.tv-neuhof.de\/wordpress\/wp-content\/uploads\/2008\/11\/2015-Damen-300x217.jpg 300w\" sizes=\"auto, (max-width: 1024px) 100vw, 1024px\" \/><\/a><\/figure>\n<\/div>\n\n\n<table border=\"0\" cellspacing=\"5\" cellpadding=\"2\" align=\"center\"><tbody><tr><td>Hinten v.l.:<\/td><td>Bernadette Wahl, Laura Kern, Leonie Brunner, Franziska Kern, Jule Bachmann, Henrike Stuwe, Antonia Kulla, Sabine Wehner, Corinna Kuschnick, Regina Hoffmann (Trainerin)<\/td><\/tr><tr><td>Vorne v.l.:<\/td><td>Julia M\u00fcller, Sabine Kre\u00df, Alida Maxand, Annika Wenzel, Ann-Kristin Krah, Anna-Lena Heil, Anna H\u00fcbner, Miriam Benkner<\/td><\/tr><tr><td>Es fehlen:<\/td><td>Mattea Heil, Jasmin Miemitz, Luisa Pfeiffer, Patricia Betz, Anna-Sophia M\u00f6ller, Ariane Benkner, Thomas Heil (Betreuer)<\/td><\/tr><\/tbody><\/table>\n<p><strong>&nbsp;<\/strong><\/p>\n\n\n\n<h1 class=\"wp-block-heading has-text-align-center\">A-Jugend m\u00e4nnlich (JSG)<\/h1>\n\n\n<div class=\"wp-block-image\">\n<figure class=\"aligncenter size-full is-resized\"><a href=\"https:\/\/www.tv-neuhof.de\/wordpress\/unsere-mannschaften\/mannliche-a-jugend\/2015-a-jugend-mannlich\/\"><img loading=\"lazy\" decoding=\"async\" width=\"1024\" height=\"768\" src=\"https:\/\/www.tv-neuhof.de\/wordpress\/wp-content\/uploads\/2009\/08\/2015-A-Jugend-m\u00e4nnlich.jpg\" alt=\"\" class=\"wp-image-8165\" style=\"width:512px\" srcset=\"https:\/\/www.tv-neuhof.de\/wordpress\/wp-content\/uploads\/2009\/08\/2015-A-Jugend-m\u00e4nnlich.jpg 1024w, https:\/\/www.tv-neuhof.de\/wordpress\/wp-content\/uploads\/2009\/08\/2015-A-Jugend-m\u00e4nnlich-300x225.jpg 300w\" sizes=\"auto, (max-width: 1024px) 100vw, 1024px\" \/><\/a><\/figure>\n<\/div>\n\n\n<table border=\"0\" cellspacing=\"5\" cellpadding=\"2\" align=\"center\"><tbody><tr><td>Stehend v.l.:<\/td><td>Alexander Seng (Betreuer), Felix M\u00f6ller, Alexander Remmert, Simon Kramer, Konstantin Be\u00dfler, Constantin Haas, Jonas Harengel, Mladen Habalija (Trainer)<\/td><\/tr><tr><td>Kniend v.l.:<\/td><td>Jonas Seng, Moritz Born, Yannis Frings, Patrick Klug, Marvin R\u00fctzel<\/td><\/tr><tr><td>Es fehlen:<\/td><td>Elmar Kullmann (Trainer), Jonathan Schad und Felix Sch\u00f6ppner<\/td><\/tr><\/tbody><\/table>\n<p><strong>&nbsp;<\/strong><\/p>\n\n\n\n<h1 class=\"wp-block-heading has-text-align-center\">C-Jugend m\u00e4nnlich (JSG)<\/h1>\n\n\n<div class=\"wp-block-image\">\n<figure class=\"aligncenter size-full is-resized\"><a href=\"https:\/\/www.tv-neuhof.de\/wordpress\/unsere-mannschaften\/c-jugend-mannlich\/2015-c-jugend-mannlich\/\"><img loading=\"lazy\" decoding=\"async\" width=\"1024\" height=\"768\" src=\"https:\/\/www.tv-neuhof.de\/wordpress\/wp-content\/uploads\/2008\/10\/2015-C-Jugend-m\u00e4nnlich.jpg\" alt=\"\" class=\"wp-image-8100\" style=\"width:512px\" srcset=\"https:\/\/www.tv-neuhof.de\/wordpress\/wp-content\/uploads\/2008\/10\/2015-C-Jugend-m\u00e4nnlich.jpg 1024w, https:\/\/www.tv-neuhof.de\/wordpress\/wp-content\/uploads\/2008\/10\/2015-C-Jugend-m\u00e4nnlich-300x225.jpg 300w\" sizes=\"auto, (max-width: 1024px) 100vw, 1024px\" \/><\/a><\/figure>\n<\/div>\n\n\n<table border=\"0\" cellspacing=\"5\" cellpadding=\"2\" align=\"center\"><tbody><tr><td>Hinten v.l.:<\/td><td>Joshua Sperber, Nils Seng, Noah Heil, Lorenz Auth, Paul Hartwig<\/td><\/tr><tr><td>Mitte v.l.:<\/td><td>Marius Reich (Trainer), Tim Ole Bachus, Moritz Sch\u00f6ppner, Jan Wypchol, Samuel Schad, Thorsten Seng (Trainer)<\/td><\/tr><tr><td>Vorne v.l.:<\/td><td>Manuel Betz, Janosch Block, Moritz Krah, Hannes Berboth, Benedikt Pfeffer<\/td><\/tr><tr><td>Es fehlt:<\/td><td>Maurizio Fell<\/td><\/tr><\/tbody><\/table>\n<p><strong>&nbsp;<\/strong><\/p>\n\n\n\n<h1 class=\"wp-block-heading has-text-align-center\">D-Jugend m\u00e4nnlich (JSG)<\/h1>\n\n\n<div class=\"wp-block-image\">\n<figure class=\"aligncenter size-full is-resized\"><a href=\"https:\/\/www.tv-neuhof.de\/wordpress\/unsere-mannschaften\/mannliche-d-jugend-20072008\/2015-d-jugend\/\"><img loading=\"lazy\" decoding=\"async\" width=\"1024\" height=\"683\" src=\"https:\/\/www.tv-neuhof.de\/wordpress\/wp-content\/uploads\/2008\/02\/2015-D-Jugend.jpg\" alt=\"\" class=\"wp-image-8173\" style=\"width:512px\" srcset=\"https:\/\/www.tv-neuhof.de\/wordpress\/wp-content\/uploads\/2008\/02\/2015-D-Jugend.jpg 1024w, https:\/\/www.tv-neuhof.de\/wordpress\/wp-content\/uploads\/2008\/02\/2015-D-Jugend-300x200.jpg 300w\" sizes=\"auto, (max-width: 1024px) 100vw, 1024px\" \/><\/a><\/figure>\n<\/div>\n\n\n<table border=\"0\" cellspacing=\"5\" cellpadding=\"2\" align=\"center\"><tbody><tr><td>Hinten v.l.:<\/td><td>Sonja Pfannm\u00fcller (Betreuerin), Lucas Gitter, Justus Sch\u00f6ppner, Felix R\u00e4sch, Vincent Pfeffer, Tizian Seng, Noah Oestreich, Claus-J\u00fcrgen Schulz (Trainer)<\/td><\/tr><tr><td>Mitte v.l.:<\/td><td>Barbara Hauschild, Lea Weber, Amelie Happ, Luisa Lauer, Neele Reichenauer, Mathilda Albinger, Kiara Pfannm\u00fcller<\/td><\/tr><tr><td>Vorne v.l.:<\/td><td>Lioba Huppmann, Sophie R\u00e4sch, Lilli Olemotz<\/td><\/tr><tr><td>Es fehlen:<\/td><td>Leon Wolf, Marie M\u00f6ller<\/td><\/tr><\/tbody><\/table><p><strong>&nbsp;<\/strong><\/p>\n\n\n\n<h1 class=\"wp-block-heading has-text-align-center\">F-Jugend<\/h1>\n\n\n<div class=\"wp-block-image\">\n<figure class=\"aligncenter size-large is-resized\"><a href=\"https:\/\/www.tv-neuhof.de\/wordpress\/unsere-mannschaften\/f-jugend\/image\/\"><img loading=\"lazy\" decoding=\"async\" width=\"1024\" height=\"680\" src=\"https:\/\/www.tv-neuhof.de\/wordpress\/wp-content\/uploads\/2016\/02\/image-1024x680.jpg\" alt=\"\" class=\"wp-image-8435\" style=\"width:512px\" srcset=\"https:\/\/www.tv-neuhof.de\/wordpress\/wp-content\/uploads\/2016\/02\/image-1024x680.jpg 1024w, https:\/\/www.tv-neuhof.de\/wordpress\/wp-content\/uploads\/2016\/02\/image-300x199.jpg 300w\" sizes=\"auto, (max-width: 1024px) 100vw, 1024px\" \/><\/a><\/figure>\n<\/div>\n\n\n<table border=\"0\" cellspacing=\"5\" cellpadding=\"2\" align=\"center\"><tbody><tr><td>Hinten v.l.:<\/td><td>Laura, Natalie (Trainerin), Tim, Elsa, Elisa<\/td><\/tr><tr><td>vorne v.l.:<\/td><td>Mika, Nike, Teresa, Noah und Sverre (liegend)<\/td><\/tr><\/tbody><\/table>\n<p><strong>&nbsp;<\/strong><\/p>\n\n\n\n<p>&nbsp;<\/p>\n","protected":false},"excerpt":{"rendered":"<p>Herren I Stehend v.l.: Konstantin Enders (Physio), Dominik Vogler, Daniel Arnreich, Christian Remmert, Lukas Benkner, Andreas Stehling, Johannes Manz, Felix M\u00f6ller Sitzend v.l.: Bernd Leidheiser (Trainer), Frederick Storch, Daniel H\u00e4ndler, Tim Eisenstein, Yannik Enders, Leonard Hack, Johannes Engel &nbsp; Damen I Hinten v.l.: Bernadette Wahl, Laura Kern, Leonie Brunner, Franziska Kern, Jule Bachmann, Henrike Stuwe, [&hellip;]<\/p>\n","protected":false},"author":11,"featured_media":0,"parent":2399,"menu_order":2015,"comment_status":"open","ping_status":"closed","template":"","meta":{"ngg_post_thumbnail":0,"footnotes":""},"class_list":["post-8611","page","type-page","status-publish","hentry"],"_links":{"self":[{"href":"https:\/\/www.tv-neuhof.de\/wordpress\/wp-json\/wp\/v2\/pages\/8611","targetHints":{"allow":["GET"]}}],"collection":[{"href":"https:\/\/www.tv-neuhof.de\/wordpress\/wp-json\/wp\/v2\/pages"}],"about":[{"href":"https:\/\/www.tv-neuhof.de\/wordpress\/wp-json\/wp\/v2\/types\/page"}],"author":[{"embeddable":true,"href":"https:\/\/www.tv-neuhof.de\/wordpress\/wp-json\/wp\/v2\/users\/11"}],"replies":[{"embeddable":true,"href":"https:\/\/www.tv-neuhof.de\/wordpress\/wp-json\/wp\/v2\/comments?post=8611"}],"version-history":[{"count":22,"href":"https:\/\/www.tv-neuhof.de\/wordpress\/wp-json\/wp\/v2\/pages\/8611\/revisions"}],"predecessor-version":[{"id":13078,"href":"https:\/\/www.tv-neuhof.de\/wordpress\/wp-json\/wp\/v2\/pages\/8611\/revisions\/13078"}],"up":[{"embeddable":true,"href":"https:\/\/www.tv-neuhof.de\/wordpress\/wp-json\/wp\/v2\/pages\/2399"}],"wp:attachment":[{"href":"https:\/\/www.tv-neuhof.de\/wordpress\/wp-json\/wp\/v2\/media?parent=8611"}],"curies":[{"name":"wp","href":"https:\/\/api.w.org\/{rel}","templated":true}]}}